{"id":900,"date":"2026-08-04T12:57:14","date_gmt":"2026-08-04T10:57:14","guid":{"rendered":"https:\/\/pidm.pum.edu.pl\/kalendarz\/?post_type=tribe_events&#038;p=900"},"modified":"2026-08-04T12:57:58","modified_gmt":"2026-08-04T10:57:58","slug":"forum-psychoonkologiczne","status":"publish","type":"tribe_events","link":"https:\/\/pidm.pum.edu.pl\/kalendarz\/wydarzenie\/forum-psychoonkologiczne\/","title":{"rendered":"I Szczeci\u0144skie Forum Psychoonkologiczne i Opieki Paliatywnej"},"content":{"rendered":"<p>Wydarzenie obj\u0119te honorowym patronatem Rektora PUM, prof. Leszka Doma\u0144skiego.<\/p>\n","protected":false},"excerpt":{"rendered":"<p>Wydarzenie obj\u0119te honorowym patronatem Rektora PUM, prof. Leszka Doma\u0144skiego.<\/p>\n","protected":false},"author":6,"featured_media":0,"comment_status":"open","ping_status":"closed","template":"","meta":{"neve_meta_sidebar":"","neve_meta_container":"","neve_meta_enable_content_width":"","neve_meta_content_width":0,"neve_meta_title_alignment":"","neve_meta_author_avatar":"","neve_post_elements_order":"","neve_meta_disable_header":"","neve_meta_disable_footer":"","neve_meta_disable_title":"","_themeisle_gutenberg_block_has_review":false,"_tribe_events_status":"","_tribe_events_status_reason":"","footnotes":""},"tags":[],"tribe_events_cat":[],"class_list":["post-900","tribe_events","type-tribe_events","status-publish","hentry"],"_links":{"self":[{"href":"https:\/\/pidm.pum.edu.pl\/kalendarz\/wp-json\/wp\/v2\/tribe_events\/900","targetHints":{"allow":["GET"]}}],"collection":[{"href":"https:\/\/pidm.pum.edu.pl\/kalendarz\/wp-json\/wp\/v2\/tribe_events"}],"about":[{"href":"https:\/\/pidm.pum.edu.pl\/kalendarz\/wp-json\/wp\/v2\/types\/tribe_events"}],"author":[{"embeddable":true,"href":"https:\/\/pidm.pum.edu.pl\/kalendarz\/wp-json\/wp\/v2\/users\/6"}],"replies":[{"embeddable":true,"href":"https:\/\/pidm.pum.edu.pl\/kalendarz\/wp-json\/wp\/v2\/comments?post=900"}],"version-history":[{"count":2,"href":"https:\/\/pidm.pum.edu.pl\/kalendarz\/wp-json\/wp\/v2\/tribe_events\/900\/revisions"}],"predecessor-version":[{"id":902,"href":"https:\/\/pidm.pum.edu.pl\/kalendarz\/wp-json\/wp\/v2\/tribe_events\/900\/revisions\/902"}],"wp:attachment":[{"href":"https:\/\/pidm.pum.edu.pl\/kalendarz\/wp-json\/wp\/v2\/media?parent=900"}],"wp:term":[{"taxonomy":"post_tag","embeddable":true,"href":"https:\/\/pidm.pum.edu.pl\/kalendarz\/wp-json\/wp\/v2\/tags?post=900"},{"taxonomy":"tribe_events_cat","embeddable":true,"href":"https:\/\/pidm.pum.edu.pl\/kalendarz\/wp-json\/wp\/v2\/tribe_events_cat?post=900"}],"curies":[{"name":"wp","href":"https:\/\/api.w.org\/{rel}","templated":true}]}}

I Szczecińskie Forum Psychoonkologiczne i Opieki Paliatywnej

<p>Wydarzenie objęte honorowym patronatem Rektora PUM, prof. Leszka Domańskiego.</p>
